{"id":2,"date":"2021-01-21T21:25:16","date_gmt":"2021-01-21T20:25:16","guid":{"rendered":"http:\/\/ediplomatie.fr\/?page_id=2"},"modified":"2023-05-17T14:08:45","modified_gmt":"2023-05-17T12:08:45","slug":"repenser-la-diplomatie","status":"publish","type":"page","link":"https:\/\/ediplomatie.fr\/?page_id=2","title":{"rendered":"Repenser la Diplomatie \u00e0 l&rsquo;\u00c8re du Num\u00e9rique"},"content":{"rendered":"\n<p>Imaginer de nos jours une diplomatie \u00e9trang\u00e8re qui s&rsquo;obstine \u00e0 ignorer le cyberespace mondial confine \u00e0 l&rsquo;absurde. En effet, les technologies et les usages du num\u00e9rique s&rsquo;immiscent d\u00e9sormais dans tous les aspects de l&rsquo;existence humaine, bouleversant nos certitudes et reconfigurant nos paradigmes dans l&rsquo;ar\u00e8ne des relations internationales, en particulier sous l&rsquo;angle de la cybers\u00e9curit\u00e9.<\/p>\n\n\n\n<p>Nous assistons, ces derni\u00e8res ann\u00e9es, \u00e0 une lutte effr\u00e9n\u00e9e entre les \u00ab cyberpuissances \u00bb d\u00e9sign\u00e9es \u00e0 l&rsquo;\u00e9chelle globale, dans une volont\u00e9 de se distinguer au sein du cyberespace, tout en garantissant leurs int\u00e9r\u00eats vitaux face \u00e0 la menace potentielle d&rsquo;agressions destructrices.<\/p>\n\n\n\n<p>Cette reconnaissance, encore r\u00e9cente, des enjeux fondamentaux inh\u00e9rents aux relations internationales, s&rsquo;est accompagn\u00e9e d&rsquo;efforts croissants pour assurer une pr\u00e9sence marqu\u00e9e des divers acteurs dans le cyberespace, principalement via les r\u00e9seaux sociaux. L&rsquo;exemple le plus frappant reste sans doute celui de l&rsquo;ancien Pr\u00e9sident des Etats-Unis, Donald Trump, dont l&rsquo;outil de pr\u00e9dilection pour communiquer et \u00e9changer avec le monde \u00e9tait le r\u00e9seau social Twitter, jusqu&rsquo;\u00e0 sa suspension d\u00e9finitive suite \u00e0 des publications jug\u00e9es n\u00e9fastes pour la paix et la d\u00e9mocratie.<\/p>\n\n\n\n<p>Selon la l\u00e9gende, le Premier Ministre britannique Lord Palmerston se serait exclam\u00e9 en 1830 \u00e0 la r\u00e9ception de son premier t\u00e9l\u00e9gramme : \u00ab Mon Dieu, c&rsquo;est la fin de la diplomatie! \u00bb. Cette nouvelle \u00ab\u00a0technologie de l&rsquo;information et de la communication\u00a0\u00bb semblait en mesure de remplacer une partie des fonctions inh\u00e9rentes au m\u00e9tier de diplomate de cette \u00e9poque. Cependant, l&rsquo;histoire a d\u00e9montr\u00e9 que cette technologie s&rsquo;est av\u00e9r\u00e9e \u00eatre d&rsquo;une redoutable efficacit\u00e9 pour soutenir les diplomates dans l&rsquo;accomplissement de leurs missions. Loin de marquer \u00ab\u00a0la fin de la diplomatie\u00a0\u00bb, elle a au contraire renforc\u00e9 sa pertinence. Il en est de m\u00eame pour les technologies num\u00e9riques, qui doivent \u00eatre per\u00e7ues davantage comme une opportunit\u00e9 que comme une menace, malgr\u00e9 les nombreux \u00e9cueils \u00e0 \u00e9viter.<\/p>\n\n\n\n<p>Notre ambition \u00e0 travers ce portail est de contribuer \u00e0 la diffusion des connaissances pertinentes dans ce domaine et de stimuler une r\u00e9flexion pluridisciplinaire autour des relations internationales dans un monde o\u00f9 le cyberespace occupe une place en constante expansion.<\/p>\n","protected":false},"excerpt":{"rendered":"<p>Imaginer de nos jours une diplomatie \u00e9trang\u00e8re qui s&rsquo;obstine \u00e0 ignorer le cyberespace mondial confine \u00e0 l&rsquo;absurde. En effet, les technologies et les usages du num\u00e9rique s&rsquo;immiscent d\u00e9sormais dans tous &hellip; <a href=\"https:\/\/ediplomatie.fr\/?page_id=2\" class=\"more-link\">Read More<\/a><\/p>\n","protected":false},"author":1,"featured_media":103,"parent":0,"menu_order":0,"comment_status":"closed","ping_status":"open","template":"","meta":{"footnotes":""},"class_list":["post-2","page","type-page","status-publish","has-post-thumbnail","hentry","entry"],"_links":{"self":[{"href":"https:\/\/ediplomatie.fr\/index.php?rest_route=\/wp\/v2\/pages\/2","targetHints":{"allow":["GET"]}}],"collection":[{"href":"https:\/\/ediplomatie.fr\/index.php?rest_route=\/wp\/v2\/pages"}],"about":[{"href":"https:\/\/ediplomatie.fr\/index.php?rest_route=\/wp\/v2\/types\/page"}],"author":[{"embeddable":true,"href":"https:\/\/ediplomatie.fr\/index.php?rest_route=\/wp\/v2\/users\/1"}],"replies":[{"embeddable":true,"href":"https:\/\/ediplomatie.fr\/index.php?rest_route=%2Fwp%2Fv2%2Fcomments&post=2"}],"version-history":[{"count":2,"href":"https:\/\/ediplomatie.fr\/index.php?rest_route=\/wp\/v2\/pages\/2\/revisions"}],"predecessor-version":[{"id":104,"href":"https:\/\/ediplomatie.fr\/index.php?rest_route=\/wp\/v2\/pages\/2\/revisions\/104"}],"wp:featuredmedia":[{"embeddable":true,"href":"https:\/\/ediplomatie.fr\/index.php?rest_route=\/wp\/v2\/media\/103"}],"wp:attachment":[{"href":"https:\/\/ediplomatie.fr\/index.php?rest_route=%2Fwp%2Fv2%2Fmedia&parent=2"}],"curies":[{"name":"wp","href":"https:\/\/api.w.org\/{rel}","templated":true}]}}